{"id":6,"date":"2025-05-26T13:42:16","date_gmt":"2025-05-26T11:42:16","guid":{"rendered":"http:\/\/delphinemilet.com\/?page_id=6"},"modified":"2026-05-01T21:48:53","modified_gmt":"2026-05-01T19:48:53","slug":"a-propos-de","status":"publish","type":"page","link":"https:\/\/delphinemilet.com\/index.php\/a-propos-de\/","title":{"rendered":"Violoncelle"},"content":{"rendered":"\n<figure class=\"wp-block-image size-full\"><img loading=\"lazy\" decoding=\"async\" width=\"828\" height=\"468\" src=\"http:\/\/delphinemilet.com\/wp-content\/uploads\/2026\/05\/trio-romantique.jpg\" alt=\"\" class=\"wp-image-75\" srcset=\"https:\/\/delphinemilet.com\/wp-content\/uploads\/2026\/05\/trio-romantique.jpg 828w, https:\/\/delphinemilet.com\/wp-content\/uploads\/2026\/05\/trio-romantique-300x170.jpg 300w, https:\/\/delphinemilet.com\/wp-content\/uploads\/2026\/05\/trio-romantique-768x434.jpg 768w\" sizes=\"auto, (max-width: 828px) 100vw, 828px\" \/><\/figure>\n\n\n\n<p><strong>Violoncelliste, compositrice  et exploratrice sonore<\/strong><\/p>\n\n\n\n<p>Pour Delphine Milet, le violoncelle est bien plus qu\u2019un instrument : c\u2019est un compagnon de route, un miroir sensible, un terrain d\u2019\u00e9motion et d\u2019exploration. D\u00e8s ses premi\u00e8res ann\u00e9es au conservatoire, elle d\u00e9veloppe une relation instinctive avec cet instrument \u00e0 la voix humaine, capable d\u2019\u00e9pouser \u00e0 la fois l\u2019int\u00e9riorit\u00e9 la plus intime et les \u00e9lans les plus puissants.<\/p>\n\n\n\n<p>Form\u00e9e dans les conservatoires de Rouen, Bobigny, Rueil-Malmaison et Paris, Delphine construit une technique solide et expressive, port\u00e9e par une oreille absolue et une sensibilit\u00e9 \u00e0 fleur de peau. Elle interpr\u00e8te avec passion les grandes \u0153uvres du r\u00e9pertoire : les Suites de Bach, les sonates de Brahms, les concertos de Schumann et d\u2019Elgar. La musique de chambre tient une place essentielle dans son parcours, avec une pr\u00e9dilection pour le r\u00e9pertoire romantique et 20\u00e8me.<\/p>\n\n\n\n<figure class=\"wp-block-image size-full is-style-twentytwentyone-border\"><img loading=\"lazy\" decoding=\"async\" width=\"960\" height=\"540\" src=\"https:\/\/delphinemilet.com\/wp-content\/uploads\/2026\/05\/trio-yuma.jpg\" alt=\"\" class=\"wp-image-73\" style=\"object-fit:cover\" srcset=\"https:\/\/delphinemilet.com\/wp-content\/uploads\/2026\/05\/trio-yuma.jpg 960w, https:\/\/delphinemilet.com\/wp-content\/uploads\/2026\/05\/trio-yuma-300x169.jpg 300w, https:\/\/delphinemilet.com\/wp-content\/uploads\/2026\/05\/trio-yuma-768x432.jpg 768w\" sizes=\"auto, (max-width: 960px) 100vw, 960px\" \/><\/figure>\n\n\n\n<p>Mais son univers musical ne s\u2019arr\u00eate pas aux fronti\u00e8res du classique. Le voyage l\u2019am\u00e8ne \u00e0 explorer de nouveaux territoires sonores : Les musiques traditionnelles d&rsquo;Am\u00e9rique du sud avec le trio Yuma, des arrangements de chants ga\u00e9liques et bretons accompagn\u00e9s du violoncelle et de la guitare, le bluegrass et Old time, les arrangements et compositions de chansons en anglais et espagnol pour voix et violoncelle.<\/p>\n\n\n\n<figure class=\"wp-block-image size-large is-resized\"><img loading=\"lazy\" decoding=\"async\" width=\"725\" height=\"1024\" src=\"http:\/\/delphinemilet.com\/wp-content\/uploads\/2026\/05\/photo-chanson-725x1024.jpg\" alt=\"\" class=\"wp-image-76\" style=\"aspect-ratio:0.7080159593761335;width:525px;height:auto\" srcset=\"https:\/\/delphinemilet.com\/wp-content\/uploads\/2026\/05\/photo-chanson-725x1024.jpg 725w, https:\/\/delphinemilet.com\/wp-content\/uploads\/2026\/05\/photo-chanson-212x300.jpg 212w, https:\/\/delphinemilet.com\/wp-content\/uploads\/2026\/05\/photo-chanson-768x1084.jpg 768w, https:\/\/delphinemilet.com\/wp-content\/uploads\/2026\/05\/photo-chanson.jpg 828w\" sizes=\"auto, (max-width: 725px) 100vw, 725px\" \/><figcaption class=\"wp-element-caption\">Screenshot<\/figcaption><\/figure>\n\n\n\n<p>Aujourd\u2019hui, Delphine cherche \u00e0 d\u00e9cloisonner la pratique du violoncelle. Elle r\u00eave de collaborations avec des compositeurs de musique \u00e9lectro-acoustique, des artistes de l\u2019image ou de la sc\u00e8ne, pour cr\u00e9er des exp\u00e9riences sensibles et immersives. Elle compose, \u00e9crit, chante, improvise, en gardant toujours le violoncelle comme centre, comme socle, comme voix.<\/p>\n\n\n\n<p>Un violoncelle habit\u00e9 et ouvert pour relier les mondes.<\/p>\n\n\n\n<hr class=\"wp-block-separator has-alpha-channel-opacity\"\/>\n\n\n\n<p><\/p>\n","protected":false},"excerpt":{"rendered":"<p>Violoncelliste, compositrice et exploratrice sonore Pour Delphine Milet, le violoncelle est bien plus qu\u2019un instrument : c\u2019est un compagnon de route, un miroir sensible, un terrain d\u2019\u00e9motion et d\u2019exploration. D\u00e8s ses premi\u00e8res ann\u00e9es au conservatoire, elle d\u00e9veloppe une relation instinctive avec cet instrument \u00e0 la voix humaine, capable d\u2019\u00e9pouser \u00e0 la fois l\u2019int\u00e9riorit\u00e9 la plus&hellip; <a class=\"more-link\" href=\"https:\/\/delphinemilet.com\/index.php\/a-propos-de\/\">Poursuivre la lecture <span class=\"screen-reader-text\">Violoncelle<\/span><\/a><\/p>\n","protected":false},"author":1,"featured_media":0,"parent":0,"menu_order":0,"comment_status":"closed","ping_status":"closed","template":"","meta":{"footnotes":""},"class_list":["post-6","page","type-page","status-publish","hentry","entry"],"_links":{"self":[{"href":"https:\/\/delphinemilet.com\/index.php\/wp-json\/wp\/v2\/pages\/6","targetHints":{"allow":["GET"]}}],"collection":[{"href":"https:\/\/delphinemilet.com\/index.php\/wp-json\/wp\/v2\/pages"}],"about":[{"href":"https:\/\/delphinemilet.com\/index.php\/wp-json\/wp\/v2\/types\/page"}],"author":[{"embeddable":true,"href":"https:\/\/delphinemilet.com\/index.php\/wp-json\/wp\/v2\/users\/1"}],"replies":[{"embeddable":true,"href":"https:\/\/delphinemilet.com\/index.php\/wp-json\/wp\/v2\/comments?post=6"}],"version-history":[{"count":6,"href":"https:\/\/delphinemilet.com\/index.php\/wp-json\/wp\/v2\/pages\/6\/revisions"}],"predecessor-version":[{"id":77,"href":"https:\/\/delphinemilet.com\/index.php\/wp-json\/wp\/v2\/pages\/6\/revisions\/77"}],"wp:attachment":[{"href":"https:\/\/delphinemilet.com\/index.php\/wp-json\/wp\/v2\/media?parent=6"}],"curies":[{"name":"wp","href":"https:\/\/api.w.org\/{rel}","templated":true}]}}