{"id":55,"date":"2025-05-26T17:09:25","date_gmt":"2025-05-26T15:09:25","guid":{"rendered":"https:\/\/delphinemilet.com\/?page_id=55"},"modified":"2025-05-26T17:21:31","modified_gmt":"2025-05-26T15:21:31","slug":"la-chanson","status":"publish","type":"page","link":"https:\/\/delphinemilet.com\/index.php\/la-chanson\/","title":{"rendered":"La chanson"},"content":{"rendered":"\n<figure class=\"wp-block-image size-large\"><img loading=\"lazy\" decoding=\"async\" width=\"1024\" height=\"768\" src=\"https:\/\/delphinemilet.com\/wp-content\/uploads\/2025\/05\/IMG_6854-1024x768.jpg\" alt=\"\" class=\"wp-image-60\" srcset=\"https:\/\/delphinemilet.com\/wp-content\/uploads\/2025\/05\/IMG_6854-1024x768.jpg 1024w, https:\/\/delphinemilet.com\/wp-content\/uploads\/2025\/05\/IMG_6854-300x225.jpg 300w, https:\/\/delphinemilet.com\/wp-content\/uploads\/2025\/05\/IMG_6854-768x576.jpg 768w, https:\/\/delphinemilet.com\/wp-content\/uploads\/2025\/05\/IMG_6854-1536x1152.jpg 1536w, https:\/\/delphinemilet.com\/wp-content\/uploads\/2025\/05\/IMG_6854-2048x1536.jpg 2048w, https:\/\/delphinemilet.com\/wp-content\/uploads\/2025\/05\/IMG_6854-1568x1176.jpg 1568w\" sizes=\"auto, (max-width: 1024px) 100vw, 1024px\" \/><\/figure>\n\n\n\n<p><strong>La voix comme un autre violoncelle<\/strong><\/p>\n\n\n\n<p>Si le violoncelle est son premier souffle musical, Delphine Milet explore depuis plusieurs ann\u00e9es une autre voix : la sienne.<\/p>\n\n\n\n<p>Chanter est pour elle une prolongation naturelle de son lien intime avec la musique. \u00c9crire des chansons, c\u2019est oser dire autrement, mettre en mots ce que le violoncelle murmure. Elle compose \u00e0 partir de ses \u00e9motions, de ses voyages int\u00e9rieurs, des rencontres et des paysages qui l\u2019inspirent. Des textes cisel\u00e9s, sensibles, qui s\u2019ancrent dans le r\u00e9el tout en ouvrant sur l\u2019imaginaire.<\/p>\n\n\n\n<p>Sa musique est minimaliste, organique, souvent port\u00e9e par une \u00e9conomie de moyens o\u00f9 la voix, le violoncelle et parfois le piano dialoguent dans une forme \u00e9pur\u00e9e. Entre folk, influences celtiques, couleurs classiques et \u00e9clats contemporains, ses chansons dessinent un univers singulier, d\u00e9licat et incarn\u00e9.<\/p>\n\n\n\n<p>Cette page accueillera bient\u00f4t des extraits, des textes, des maquettes.<br>En attendant, Delphine continue d\u2019explorer, d\u2019\u00e9crire, de chercher cette ligne fragile entre la parole et le son.<\/p>\n","protected":false},"excerpt":{"rendered":"<p>La voix comme un autre violoncelle Si le violoncelle est son premier souffle musical, Delphine Milet explore depuis plusieurs ann\u00e9es une autre voix : la sienne. Chanter est pour elle une prolongation naturelle de son lien intime avec la musique. \u00c9crire des chansons, c\u2019est oser dire autrement, mettre en mots ce que le violoncelle murmure.&hellip; <a class=\"more-link\" href=\"https:\/\/delphinemilet.com\/index.php\/la-chanson\/\">Poursuivre la lecture <span class=\"screen-reader-text\">La chanson<\/span><\/a><\/p>\n","protected":false},"author":1,"featured_media":0,"parent":0,"menu_order":0,"comment_status":"closed","ping_status":"closed","template":"","meta":{"footnotes":""},"class_list":["post-55","page","type-page","status-publish","hentry","entry"],"_links":{"self":[{"href":"https:\/\/delphinemilet.com\/index.php\/wp-json\/wp\/v2\/pages\/55","targetHints":{"allow":["GET"]}}],"collection":[{"href":"https:\/\/delphinemilet.com\/index.php\/wp-json\/wp\/v2\/pages"}],"about":[{"href":"https:\/\/delphinemilet.com\/index.php\/wp-json\/wp\/v2\/types\/page"}],"author":[{"embeddable":true,"href":"https:\/\/delphinemilet.com\/index.php\/wp-json\/wp\/v2\/users\/1"}],"replies":[{"embeddable":true,"href":"https:\/\/delphinemilet.com\/index.php\/wp-json\/wp\/v2\/comments?post=55"}],"version-history":[{"count":3,"href":"https:\/\/delphinemilet.com\/index.php\/wp-json\/wp\/v2\/pages\/55\/revisions"}],"predecessor-version":[{"id":61,"href":"https:\/\/delphinemilet.com\/index.php\/wp-json\/wp\/v2\/pages\/55\/revisions\/61"}],"wp:attachment":[{"href":"https:\/\/delphinemilet.com\/index.php\/wp-json\/wp\/v2\/media?parent=55"}],"curies":[{"name":"wp","href":"https:\/\/api.w.org\/{rel}","templated":true}]}}